 first derivative of -y**2 + y + 3. Let t(d) be the second derivative of d**3/6 + d**2/2 - d. Let s be t(-4). What is a(s)?
7
Suppose 5*n + 5*g - g = 27, 3*n - 2*g = 3. Let x(v) = 13*v**2 - 8*v + 1. Let d(z) = -7*z**2 + 4*z. Let l(u) = n*x(u) + 5*d(u). Determine l(2).
11
Let q = -17 + 15. Let y be (q + -2)/8*12. Let a(b) = -b**2 - 5*b. Determine a(y).
-6
Let u(o) = o**2. Let m(s) = 5*s**2 - 3*s - 6. Let w(d) = -m(d) + 4*u(d). Give w(5).
-4
Let j = 61 - 60. Let m(v) = 3*v**3 + v**2 - v. Give m(j).
3
Let w(z) be the first derivative of -z**3/6 - 3*z**2/2 + 5*z + 5. Let b(v) be the first derivative of w(v). Suppose -3*d - 4 = 8. Give b(d).
1
Let o(m) be the second derivative of -m**4/12 - 3*m**3/2 - 5*m**2/2 + 12*m. Determine o(-6).
13
Let m(f) be the third derivative of -f**6/120 - f**5/15 - f**4/6 - f**3/3 + 18*f**2. Let k(h) = -h**2 + 4*h + 2. Let y be k(5). What is m(y)?
1
Suppose -5*m + m = -32. Suppose -j - m = 3*j. Let h(u) = 3*u. Determine h(j).
-6
Let t(w) = 2*w**2 - w - 3*w**2 + w**3 + 1 + 2*w**2. Let y(f) = -3*f**3 - 3*f**2 + 3*f + 5. Let u(c) = 2*t(c) + y(c). What is u(0)?
7
Let h(u) = -7*u**3 - 2*u**2 + 1. Let m be 6/2*-1 + 5. Let k(z) = z**3 - 2*z**2 - 2*z + 3. Let i be k(m). Give h(i).
6
Let z(x) = -4 + 1 + x - 3. Let l be 3/(-3) + 2 + -2. Let j be 0/(4*l - -3). Give z(j).
-6
Let r(p) = -p**2 - 3*p + 7. Let g(a) = 2*a**2 + 5*a - 15. Let y(i) = 3*g(i) + 7*r(i). Give y(-7).
-3
Let j = -1 + 4. Suppose -j*z - 2 = 3*o + 2*o, 2 = 4*z + 2*o. Let c(h) be the second derivative of h**4/3 + h**2/2 + 8*h. Calculate c(z).
5
Let v(x) = -2*x**2 - 3*x**2 + 2*x**2 - x**3 + 5*x - 1 + x**2. Calculate v(-4).
11
Let r(z) be the second derivative of -z**5/120 - z**4/12 + z**3/3 + 2*z. Let i(n) be the second derivative of r(n). Let s be 3 - (0 - (-3 - 2)). Calculate i(s).
0
Let c(v) = v**2 + 14*v + 12. Let m(k) = k + 1. Suppose -3*s - 33 = -4*n + n, -n + 4*s + 26 = 0. Let w(a) = n*m(a) - c(a). Give w(-7).
1
Let a be (-60)/45*(-2)/((-8)/6). Let k(x) = -7*x**2 - 4*x - 3. Calculate k(a).
-23
Let m(f) = 1. Let i be 6/4 - 5/(-10). Let q(b) = -b - 2. Let j(g) = i*m(g) + q(g). Give j(-2).
2
Let t(q) be the third derivative of q**5/60 + q**4/6 + q**3/6 + 7*q**2. Let b be -4 + (4 + -2 - 1). Give t(b).
-2
Let k(j) be the second derivative of j**4/12 + j**3 + 3*j**2/2 - 6*j. Give k(-5).
-2
Let u(h) = -2*h - 7. Suppose 5*i - 10 = 4*t - 5*t, 2*t = 5*i + 5. Suppose 2*l - t = 3*l. Let p be u(l). Let q(n) = n**2 - n + 1. What is q(p)?
7
Suppose 2*h + 3*d = -23 + 2, -4*h - d = 17. Let u(i) = -i**2 - 4*i + 1. Give u(h).
4
Let f(o) = -5*o - 13. Let z(h) be the second derivative of h**3/6 + 3*h**2/2 - 2*h. Let c(b) = -2*f(b) - 9*z(b). Let v be (2 + -2)/(4/2). Give c(v).
-1
Let a(n) = -n**3 + 5*n**2 - 2*n + 6. Let b = 60 - 56. Calculate a(b).
14
Let h(z) = z. Let o(d) = 4*d - 8. Let y(c) = 5*h(c) - o(c). Calculate y(-7).
1
Let v(u) = u**2 - 2*u - 3. Let i = 12 + -7. Let x(j) = 2*j**2 - 5*j - 7. Let d(k) = i*v(k) - 2*x(k). Determine d(-1).
0
Let q(z) = z + 2. Let a be q(-1). Let n = 6 - a. Suppose -n*x + 5 = -10. Let u(l) = l + 1. Give u(x).
4
Let w(s) be the third derivative of -s**5/60 + s**4/6 + 7*s**3/6 + 40*s**2. Determine w(5).
2
Suppose -2 - 2 = -4*k. Let x(v) = -k + 3*v - v**2 + 1 + 3. Give x(4).
-1
Let t(u) = 6*u**2 - 5*u - 5. Let h be t(-1). Let f(p) = p**2 - 4*p - 3. Calculate f(h).
9
Let g(f) = -f**3 + 5*f**2 + 7*f - 2. Let j be g(6). Let u = 0 + j. Let h(d) = -d**3 + 3*d**2 + 5*d + 2. Determine h(u).
6
Let h(i) = i**2 - i - 2*i**3 - 3*i**2 + i**3. Let r = -2 + 2. Suppose 6 = -3*k - r. Calculate h(k).
2
Let g(c) be the first derivative of -c**2 + c + 36. Determine g(-2).
5
Let w(a) be the first derivative of -3 - a - 2/3*a**3 + a**2. What is w(2)?
-5
Let h(o) = o**2 + 6. Suppose 2*b + 3*b + 12 = 3*k, 0 = 2*b + 4*k - 16. Calculate h(b).
6
Let o = 25 + 6. Let j(a) = -31 + 9*a**3 + o + a + 2*a**2. Determine j(-1).
-8
Let w(y) be the second derivative of y**3/6 + 4*y**2 + 56*y. Give w(6).
14
Let b(i) be the first derivative of 4*i**3/3 + i**2/2 + i - 2. Let f = 235 - 236. Give b(f).
4
Let z(d) = d**2 - 6*d + 6. Let o be z(5). Let w(u) = -9*u - 3*u + 6*u - u**2 - o. Let q = 12 - 18. Calculate w(q).
-1
Let b(t) = t**2 - 5*t + 4. Suppose -5*s - 3 + 23 = 0. Determine b(s).
0
Let r be 2/5 - (-39)/15. Suppose 4*c - 11 = j, -5*j - c - 4 = -33. Let n(g) = -g + 2 - 1 - j. Calculate n(r).
-7
Let i(f) = f + 3. Let d = 73 + -68. Calculate i(d).
8
Let u(t) = t + 5. Suppose 3*v = -4*v. Calculate u(v).
5
Let y(x) = 10*x**2. Suppose -5*q - 1 = 3*a - 3, 5*q = 3*a + 8. Calculate y(q).
10
Let b(m) = -m**2 - 8*m - 6. Let w(c) = -c**3 - 5*c**2 - 5*c - 2. Let z be w(-3). Calculate b(z).
9
Let q(x) = 4*x**2 - 8*x + 2. Let o(u) = 5*u**2 - 8*u + 3. Let p(y) = 3*o(y) - 4*q(y). What is p(7)?
8
Let r(i) = i**2 - 10*i + 8. Suppose -16*h - 6 = -17*h. What is r(h)?
-16
Let t(f) = 2*f - 1. Let h(a) = -4*a + 22. Let i be h(6). Calculate t(i).
-5
Suppose -2*t - 16 = 16. Suppose 3*b - 12 = -3*z, -3*b + 18 = -3*z - 0*b. Let v be 12/t - z/(-4). Let i(k) = 7*k**3 - 2*k**2 - 2*k - 1. What is i(v)?
-8
Let u = 12 + 4. Suppose -17 = m - 3*y, -3*m + u + 3 = 5*y. Let g(q) = -8*q + 1. Give g(m).
17
Suppose 4 = 5*t - 2*x, -x - 2 = 2*t - 0*t. Suppose t = 4*u + 3*k, 2*u + k = 4*k. Let b(l) = l - 5. Calculate b(u).
-5
Let o(y) = 7*y - 5. Let w(r) = -r. Let m(x) = -o(x) - 6*w(x). Suppose 0 = 5*b + 4*s - 45, 4*b - 2*s - 10 = -0*b. Determine m(b).
0
Let v(g) = g**2 + 4*g - 2. Let w(h) = -h**2 + h + 1. Suppose f = 6*f + 5. Let s(r) = f*v(r) - 2*w(r). Determine s(5).
-5
Suppose 5*k + i - 2 = 0, 0 = 2*k + 2*i + i - 6. Let c = k + -3. Let a be 0/((-9)/c)*1. Let q(o) = -o - 5. Determine q(a).
-5
Let r(j) = -j**2 + 8*j - 8. Let w be r(6). Suppose 0 = 2*b + 3*i + 9, -w*b - 3*i = 6 - 3. Suppose 20 = v + b*v. Let o(u) = u**2 - 6*u + 7. Determine o(v).
2
Let z(b) = b**2 + b + 2. Let p be -3 + 2 + -2 - -9. Suppose p = 2*l - 4*t, -4*t - 3 = -4*l + 1. Let j = l + 1. Determine z(j).
2
Let h(u) = -u + 8. Suppose 5*r + 4*z - z = 29, -2*r + 5*z + 24 = 0. What is h(r)?
1
Let m(s) be the third derivative of -1/2*s**3 + 0 - 4*s**2 - 1/8*s**4 + 0*s. Give m(-3).
6
Let o(w) be the second derivative of -1/120*w**5 + 0*w**2 + 0 - 1/240*w**6 + w - 1/6*w**4 + 0*w**3. Let f(g) be the third derivative of o(g). Give f(1).
-4
Let v = 6 - 3. Let s(l) = -2*l + 1 + v + 2. Determine s(4).
-2
Suppose 40 = 5*r + 4*c, 2*c - 65 = -5*r + 3*c. Suppose r = 3*o - 0*o. Let i(u) = -2*u - 1 - 3*u + o*u. Calculate i(-4).
3
Let x(b) be the first derivative of b**5/20 - b**3/6 + 2*b - 3. Let u(c) be the first derivative of x(c). What is u(-1)?
0
Let g = 9 + -6. Let a(h) = -h**3 - h**2 + g*h**2 - 3*h**2 + 1 + h. Suppose 0 = 2*u + 3*x + 2 + 1, -2*u - 5 = 5*x. Determine a(u).
1
Let v(c) = c**3 - 3*c**2 - 8*c + 9. Let r(h) = 2*h**3 - 6*h**2 - 15*h + 17. Let i(f) = 4*r(f) - 7*v(f). Determine i(4).
5
Let x(h) = -8 + 22*h + h**2 - h - 16*h. Determine x(-6).
-2
Let x = 57 - 54. Let m(z) be the second derivative of x*z - 1/20*z**5 + 3*z**2 - 1/4*z**4 + 1/2*z**3 + 0. Determine m(-4).
10
Let s(v) be the third derivative of -v**4/12 - 11*v**3/6 + 43*v**2. What is s(-9)?
7
Let n(w) = w - 2. Suppose 48 = f + 11*f. What is n(f)?
2
Let l(b) = -b**2 + 3. Let z(f) = 1. Let m(n) = -2*l(n) + 5*z(n). Suppose -c + 3 + 1 = 0. Suppose -c*i = -i - 3. Give m(i).
1
Let k(j) = j**3 - 6*j**2 + 6*j - 2. Let i be 4*3/3 + 1. Let o(w) = 3 - 2 + i*w**2 - w**2. Let z be o(-1). Give k(z).
3
Let c = 39 + -35. Let u(j) = -j**3 + 4*j**2 - 2*j + 3. What is u(c)?
-5
Let d(i) = -2*i**3 - i**2 + 3*i + 1. Suppose 125 = -5*k - 5*x, -5*k - 113 = -3*x + 2*x. Let b = k - -21. Calculate d(b).
7
Let x = 1 - -2. Let v = x + -2. Let s(t) be the second derivative of 5*t**3/6 + t**2/2 - 2*t. What is s(v)?
6
Let t(a) = -5*a**3 - a - 1. Let n(p) = -p**2 - 2*p + 2. Let w(x) = -x**2 + 1. Let b be w(-2). Let m be n(b). Calculate t(m).
5
Let s(t) be the third derivative of t**5/30 + t**4/24 - t**3/3 - 8*t**2. Calculate s(2).
8
Let g(k) be the second derivative of k**3/2 - k**2/2 + 2*k - 16. Let b(o) = -o**2 + 3*o - 4. Let s be b(3). What is g(s)?
-13
Let f(p) = -p**2 - p. Suppose -4 + 2 = 2*a, -3*a - 11 = -2*c. Suppose w - 24 = -5*r, w - r + 2 = c*w. Calculate f(w).
0
Let c(k) = k**2 - 5*k + 2. Let b = -9 + 14. Suppose 0